{"id":64,"date":"2023-12-14T09:55:00","date_gmt":"2023-12-14T09:55:00","guid":{"rendered":"https:\/\/lichtschachtabdeckungen.ch\/?page_id=64"},"modified":"2023-12-14T15:35:26","modified_gmt":"2023-12-14T15:35:26","slug":"64-2","status":"publish","type":"page","link":"https:\/\/lichtschachtabdeckungen.ch\/?page_id=64","title":{"rendered":""},"content":{"rendered":"<p>[et_pb_section fb_built=&#8221;1&#8243; admin_label=&#8221;Header&#8221; _builder_version=&#8221;4.23.1&#8243; _module_preset=&#8221;default&#8221; collapsed=&#8221;on&#8221; global_colors_info=&#8221;{}&#8221;][et_pb_row column_structure=&#8221;3_5,2_5&#8243; _builder_version=&#8221;4.21.0&#8243; _module_preset=&#8221;default&#8221; global_colors_info=&#8221;{}&#8221;][et_pb_column type=&#8221;3_5&#8243; _builder_version=&#8221;4.21.0&#8243; _module_preset=&#8221;default&#8221; global_colors_info=&#8221;{}&#8221;][et_pb_image src=&#8221;https:\/\/lichtschachtabdeckungen.ch\/wp-content\/uploads\/2023\/12\/home-decor-50.png&#8221; title_text=&#8221;home-decor-50&#8243; _builder_version=&#8221;4.21.0&#8243; _module_preset=&#8221;default&#8221; transform_translate=&#8221;-100%|-50%&#8221; transform_translate_linked=&#8221;off&#8221; positioning=&#8221;absolute&#8221; max_width=&#8221;80px&#8221; max_height=&#8221;80px&#8221; global_colors_info=&#8221;{}&#8221;][\/et_pb_image][et_pb_text _builder_version=&#8221;4.23.1&#8243; _module_preset=&#8221;bc03809b-40ac-429d-aabc-999196115995&#8243; global_colors_info=&#8221;{}&#8221;]<\/p>\n<h1>Willkommen<\/h1>\n<p>[\/et_pb_text][et_pb_text _builder_version=&#8221;4.23.1&#8243; _module_preset=&#8221;ab18f3d1-cc56-48b1-8da2-cbe7993947f8&#8243; global_colors_info=&#8221;{}&#8221;]<\/p>\n<p><span>auf unserer Seite, die sich ganz dem Thema Lichtschachtabdeckungen widmet. Lichtsch\u00e4chte spielen eine wichtige Rolle im Schutz und in der \u00c4sthetik eines jeden Hauses. Sie bieten eine optimale L\u00f6sung, um Kellerr\u00e4ume mit frischer Luft zu versorgen und gleichzeitig vor unerw\u00fcnschten G\u00e4sten wie Insekten, Laub und Schmutz zu sch\u00fctzen. Unsere Lichtschachtabdeckungen sind nicht nur funktional, sondern f\u00fcgen sich auch harmonisch in das Erscheinungsbild Ihres Hauses ein.<\/span><\/p>\n<p>[\/et_pb_text][et_pb_button button_text=&#8221;Jetzt einkaufen&#8221; _builder_version=&#8221;4.23.1&#8243; _module_preset=&#8221;f1fe0e0b-dff8-4ff0-b16e-83c32bcd2a00&#8243; button_text_size=&#8221;23px&#8221; global_colors_info=&#8221;{}&#8221;][\/et_pb_button][\/et_pb_column][et_pb_column type=&#8221;2_5&#8243; _builder_version=&#8221;4.21.0&#8243; _module_preset=&#8221;default&#8221; global_colors_info=&#8221;{}&#8221;][et_pb_image src=&#8221;https:\/\/lichtschachtabdeckungen.ch\/wp-content\/uploads\/2023\/12\/Mask-01.png&#8221; title_text=&#8221;Lichtschachtabdeckung-Neher&#8221; _builder_version=&#8221;4.23.1&#8243; _module_preset=&#8221;default&#8221; background_image=&#8221;https:\/\/lichtschachtabdeckungen.ch\/wp-content\/uploads\/2023\/12\/Lichtschachtabdeckung-Neher-1.jpg&#8221; background_size=&#8221;custom&#8221; background_image_width=&#8221;83%&#8221; background_image_height=&#8221;81%&#8221; custom_margin=&#8221;|-8vw|||false|false&#8221; custom_margin_tablet=&#8221;|0vw|||false|false&#8221; custom_margin_phone=&#8221;|0vw|||false|false&#8221; custom_margin_last_edited=&#8221;on|desktop&#8221; global_colors_info=&#8221;{}&#8221;][\/et_pb_image][et_pb_icon font_icon=&#8221;&#xf621;||fa||900&#8243; icon_color=&#8221;gcid-52e8b489-b10c-41af-b3c4-a69642f2df1f&#8221; icon_width=&#8221;48px&#8221; _builder_version=&#8221;4.21.0&#8243; _module_preset=&#8221;default&#8221; positioning=&#8221;absolute&#8221; position_origin_a=&#8221;bottom_right&#8221; vertical_offset=&#8221;16%&#8221; horizontal_offset=&#8221;-6vw&#8221; z_index=&#8221;9&#8243; locked=&#8221;off&#8221; global_colors_info=&#8221;{%22gcid-52e8b489-b10c-41af-b3c4-a69642f2df1f%22:%91%22icon_color%22%93}&#8221;][\/et_pb_icon][\/et_pb_column][\/et_pb_row][\/et_pb_section][et_pb_section fb_built=&#8221;1&#8243; admin_label=&#8221;Video&#8221; _builder_version=&#8221;4.21.0&#8243; _module_preset=&#8221;default&#8221; collapsed=&#8221;on&#8221; global_colors_info=&#8221;{}&#8221;][et_pb_row _builder_version=&#8221;4.21.0&#8243; _module_preset=&#8221;default&#8221; max_width=&#8221;822px&#8221; module_alignment=&#8221;center&#8221; saved_tabs=&#8221;all&#8221; global_colors_info=&#8221;{}&#8221;][et_pb_column type=&#8221;4_4&#8243; _builder_version=&#8221;4.21.0&#8243; _module_preset=&#8221;default&#8221; global_colors_info=&#8221;{}&#8221;][et_pb_text _builder_version=&#8221;4.23.1&#8243; _module_preset=&#8221;7f26f0c2-95e4-4ef8-a1be-8893e78bee03&#8243; header_4_text_color=&#8221;gcid-52e8b489-b10c-41af-b3c4-a69642f2df1f&#8221; text_orientation=&#8221;center&#8221; global_colors_info=&#8221;{%22gcid-52e8b489-b10c-41af-b3c4-a69642f2df1f%22:%91%22header_4_text_color%22%93}&#8221;]<\/p>\n<h4>Love Your Space<\/h4>\n<p>[\/et_pb_text][et_pb_text _builder_version=&#8221;4.23.1&#8243; _module_preset=&#8221;3d8e8e4c-de8e-4b8f-a729-0261cc343ab0&#8243; text_orientation=&#8221;center&#8221; global_colors_info=&#8221;{}&#8221;]<\/p>\n<h3>Massgefertigte Lichtschachtabdeckungen: Perfekter Schutz und stilvolles Design f\u00fcr Ihr Zuhause<\/h3>\n<p>[\/et_pb_text][et_pb_video src=&#8221;https:\/\/vod-progressive.akamaized.net\/exp=1702581255~acl=%2Fvimeo-prod-skyfire-std-us%2F01%2F1414%2F12%2F307074530%2F2184043328.mp4~hmac=8fb012bd91ee4120775f273f25342d2118c49dfbe8569337c7c13f514d67399a\/vimeo-prod-skyfire-std-us\/01\/1414\/12\/307074530\/2184043328.mp4&#8243; image_src=&#8221;https:\/\/lichtschachtabdeckungen.ch\/wp-content\/uploads\/2023\/12\/Lichtschachtabdeckung-Neher-Wand-Steine.jpg&#8221; play_icon_color=&#8221;#FFFFFF&#8221; font_icon=&#8221;&#xf144;||fa||900&#8243; use_icon_font_size=&#8221;on&#8221; icon_font_size=&#8221;72px&#8221; thumbnail_overlay_color=&#8221;#FFFFFF&#8221; _builder_version=&#8221;4.23.1&#8243; _module_preset=&#8221;default&#8221; max_width=&#8221;200px&#8221; module_alignment=&#8221;center&#8221; hover_enabled=&#8221;0&#8243; border_radii=&#8221;on|10px|10px|10px|10px&#8221; global_colors_info=&#8221;{}&#8221; title_text=&#8221;Lichtschachtabdeckung-Neher-Wand-Steine&#8221; sticky_enabled=&#8221;0&#8243; font_icon_last_edited=&#8221;on|desktop&#8221; animation_style=&#8221;bounce&#8221; font_icon_tablet=&#8221;&#xf144;||fa||900&#8243; font_icon_phone=&#8221;&#xf144;||fa||900&#8243;][\/et_pb_video][et_pb_text _builder_version=&#8221;4.23.1&#8243; _module_preset=&#8221;efd2533c-a52c-491d-a01d-dabf093663c7&#8243; link_text_color=&#8221;gcid-4e1a4293-6847-4a8b-8670-1037625c3a21&#8243; text_orientation=&#8221;center&#8221; link_option_url=&#8221;#&#8221; global_colors_info=&#8221;{%22gcid-4e1a4293-6847-4a8b-8670-1037625c3a21%22:%91%22link_text_color%22%93}&#8221;][\/et_pb_text][\/et_pb_column][\/et_pb_row][\/et_pb_section][et_pb_section fb_built=&#8221;1&#8243; admin_label=&#8221;Top Categories&#8221; _builder_version=&#8221;4.23.1&#8243; _module_preset=&#8221;default&#8221; overflow-x=&#8221;hidden&#8221; overflow-y=&#8221;hidden&#8221; collapsed=&#8221;on&#8221; global_colors_info=&#8221;{}&#8221;][et_pb_row _builder_version=&#8221;4.23.1&#8243; _module_preset=&#8221;default&#8221; column_structure=&#8221;1_2,1_2&#8243;][et_pb_column _builder_version=&#8221;4.23.1&#8243; _module_preset=&#8221;default&#8221; type=&#8221;1_2&#8243;][et_pb_image src=&#8221;data:image\/svg+xml;base64,PHN2ZyB3aWR0aD0iMTA4MCIgaGVpZ2h0PSI1NDAiIHZpZXdCb3g9IjAgMCAxMDgwIDU0MCIgeG1sbnM9Imh0dHA6Ly93d3cudzMub3JnLzIwMDAvc3ZnIj4KICAgIDxnIGZpbGw9Im5vbmUiIGZpbGwtcnVsZT0iZXZlbm9kZCI+CiAgICAgICAgPHBhdGggZmlsbD0iI0VCRUJFQiIgZD0iTTAgMGgxMDgwdjU0MEgweiIvPgogICAgICAgIDxwYXRoIGQ9Ik00NDUuNjQ5IDU0MGgtOTguOTk1TDE0NC42NDkgMzM3Ljk5NSAwIDQ4Mi42NDR2LTk4Ljk5NWwxMTYuMzY1LTExNi4zNjVjMTUuNjItMTUuNjIgNDAuOTQ3LTE1LjYyIDU2LjU2OCAwTDQ0NS42NSA1NDB6IiBmaWxsLW9wYWNpdHk9Ii4xIiBmaWxsPSIjMDAwIiBmaWxsLXJ1bGU9Im5vbnplcm8iLz4KICAgICAgICA8Y2lyY2xlIGZpbGwtb3BhY2l0eT0iLjA1IiBmaWxsPSIjMDAwIiBjeD0iMzMxIiBjeT0iMTQ4IiByPSI3MCIvPgogICAgICAgIDxwYXRoIGQ9Ik0xMDgwIDM3OXYxMTMuMTM3TDcyOC4xNjIgMTQwLjMgMzI4LjQ2MiA1NDBIMjE1LjMyNEw2OTkuODc4IDU1LjQ0NmMxNS42Mi0xNS42MiA0MC45NDgtMTUuNjIgNTYuNTY4IDBMMTA4MCAzNzl6IiBmaWxsLW9wYWNpdHk9Ii4yIiBmaWxsPSIjMDAwIiBmaWxsLXJ1bGU9Im5vbnplcm8iLz4KICAgIDwvZz4KPC9zdmc+Cg==&#8221; _builder_version=&#8221;4.23.1&#8243; _module_preset=&#8221;default&#8221; hover_enabled=&#8221;0&#8243; sticky_enabled=&#8221;0&#8243;][\/et_pb_image][\/et_pb_column][et_pb_column _builder_version=&#8221;4.23.1&#8243; _module_preset=&#8221;default&#8221; type=&#8221;1_2&#8243;][et_pb_text _builder_version=&#8221;4.23.1&#8243; _module_preset=&#8221;default&#8221;]<\/p>\n<p>&nbsp;<\/p>\n<p>&nbsp;<\/p>\n<p>Your content goes here. Edit or remove this text inline or in the module Content settings. You can also style every aspect of this content in the module Design settings and even apply custom CSS to this text in the module Advanced settings.<\/p>\n<p>[\/et_pb_text][\/et_pb_column][\/et_pb_row][\/et_pb_section][et_pb_section fb_built=&#8221;1&#8243; admin_label=&#8221;Call to Action&#8221; _builder_version=&#8221;4.21.0&#8243; _module_preset=&#8221;default&#8221; collapsed=&#8221;on&#8221; global_colors_info=&#8221;{}&#8221;][et_pb_row _builder_version=&#8221;4.23.1&#8243; _module_preset=&#8221;default&#8221; use_background_color_gradient=&#8221;on&#8221; background_color_gradient_stops=&#8221;rgba(14,14,14,0.85) 0%|rgba(14,14,14,0.2) 100%&#8221; background_color_gradient_overlays_image=&#8221;on&#8221; background_image=&#8221;https:\/\/lichtschachtabdeckungen.ch\/wp-content\/uploads\/2023\/12\/Lichtschachtabdeckung-Neher-Hintergrund.jpg&#8221; background_position=&#8221;center_right&#8221; background_horizontal_offset=&#8221;0%&#8221; background_blend=&#8221;multiply&#8221; max_width=&#8221;1280px&#8221; custom_padding=&#8221;8vw|8vw|8vw|8vw|true|true&#8221; border_radii=&#8221;on|3vw|3vw|3vw|3vw&#8221; global_colors_info=&#8221;{}&#8221; custom_margin__hover_enabled=&#8221;off|desktop&#8221;][et_pb_column type=&#8221;4_4&#8243; _builder_version=&#8221;4.21.0&#8243; _module_preset=&#8221;default&#8221; global_colors_info=&#8221;{}&#8221;][et_pb_text _builder_version=&#8221;4.23.1&#8243; _module_preset=&#8221;a2f52e95-ff9c-42f9-811c-b1153bcbfefe&#8221; header_2_text_color=&#8221;#FFFFFF&#8221; header_2_font_size=&#8221;100px&#8221; text_orientation=&#8221;center&#8221; global_colors_info=&#8221;{}&#8221;]<\/p>\n<h2><span>Haben wir Ihr Interesse geweckt?\u00a0<\/span><\/h2>\n<p>[\/et_pb_text][et_pb_button button_text=&#8221;Zu den Produkten&#8221; button_alignment=&#8221;center&#8221; _builder_version=&#8221;4.23.1&#8243; _module_preset=&#8221;f1fe0e0b-dff8-4ff0-b16e-83c32bcd2a00&#8243; button_text_size=&#8221;21px&#8221; global_colors_info=&#8221;{}&#8221;][\/et_pb_button][\/et_pb_column][\/et_pb_row][\/et_pb_section][et_pb_section fb_built=&#8221;1&#8243; admin_label=&#8221;Feature&#8221; _builder_version=&#8221;4.21.0&#8243; _module_preset=&#8221;default&#8221; collapsed=&#8221;on&#8221; global_colors_info=&#8221;{}&#8221;][et_pb_row column_structure=&#8221;2_5,3_5&#8243; _builder_version=&#8221;4.21.0&#8243; _module_preset=&#8221;default&#8221; max_width=&#8221;1280px&#8221; locked=&#8221;off&#8221; global_colors_info=&#8221;{}&#8221;][et_pb_column type=&#8221;2_5&#8243; _builder_version=&#8221;4.21.0&#8243; _module_preset=&#8221;default&#8221; z_index=&#8221;10&#8243; global_colors_info=&#8221;{}&#8221;][et_pb_text _builder_version=&#8221;4.21.0&#8243; _module_preset=&#8221;b57ea7d7-2cbe-4ad1-a386-b08df15be71a&#8221; global_colors_info=&#8221;{}&#8221;]<\/p>\n<h2>Perfect Space Exclusives<\/h2>\n<p>[\/et_pb_text][et_pb_text _builder_version=&#8221;4.21.0&#8243; _module_preset=&#8221;ab18f3d1-cc56-48b1-8da2-cbe7993947f8&#8243; global_colors_info=&#8221;{}&#8221;]<\/p>\n<p>Discover our exclusive collection of perfect space essentials, meticulously curated to elevate your home decor. From stylish furniture to captivating accents, explore our handpicked selection for an unparalleled living experience.<\/p>\n<p>[\/et_pb_text][et_pb_button button_text=&#8221;Learn More&#8221; _builder_version=&#8221;4.21.0&#8243; _module_preset=&#8221;f1fe0e0b-dff8-4ff0-b16e-83c32bcd2a00&#8243; global_colors_info=&#8221;{}&#8221;][\/et_pb_button][\/et_pb_column][et_pb_column type=&#8221;3_5&#8243; _builder_version=&#8221;4.21.0&#8243; _module_preset=&#8221;default&#8221; background_enable_image=&#8221;off&#8221; global_colors_info=&#8221;{}&#8221;][et_pb_image src=&#8221;https:\/\/lichtschachtabdeckungen.ch\/wp-content\/uploads\/2023\/12\/Mask-02.png&#8221; title_text=&#8221;Neher-Lichtschachtabdeckung-Bl\u00e4tter&#8221; _builder_version=&#8221;4.23.1&#8243; _module_preset=&#8221;default&#8221; background_image=&#8221;https:\/\/lichtschachtabdeckungen.ch\/wp-content\/uploads\/2023\/12\/Neher-Lichtschachtabdeckung-Blaetter.jpg&#8221; custom_margin=&#8221;||0px||false|false&#8221; hover_enabled=&#8221;0&#8243; global_colors_info=&#8221;{}&#8221; sticky_enabled=&#8221;0&#8243;][\/et_pb_image][et_pb_icon font_icon=&#8221;&#xf069;||fa||900&#8243; icon_color=&#8221;gcid-52e8b489-b10c-41af-b3c4-a69642f2df1f&#8221; icon_width=&#8221;32px&#8221; _builder_version=&#8221;4.21.0&#8243; _module_preset=&#8221;default&#8221; positioning=&#8221;absolute&#8221; vertical_offset=&#8221;20%&#8221; horizontal_offset=&#8221;8%&#8221; z_index=&#8221;9&#8243; global_colors_info=&#8221;{%22gcid-52e8b489-b10c-41af-b3c4-a69642f2df1f%22:%91%22icon_color%22%93}&#8221;][\/et_pb_icon][et_pb_icon font_icon=&#8221;&#xf666;||fa||900&#8243; icon_color=&#8221;#000000&#8243; _builder_version=&#8221;4.21.0&#8243; _module_preset=&#8221;default&#8221; positioning=&#8221;absolute&#8221; position_origin_a=&#8221;bottom_right&#8221; global_colors_info=&#8221;{}&#8221;][\/et_pb_icon][\/et_pb_column][\/et_pb_row][\/et_pb_section][et_pb_section fb_built=&#8221;1&#8243; admin_label=&#8221;Product &#8211; New Arrivals&#8221; _builder_version=&#8221;4.21.0&#8243; _module_preset=&#8221;default&#8221; saved_tabs=&#8221;all&#8221; collapsed=&#8221;on&#8221; global_colors_info=&#8221;{}&#8221;][et_pb_row column_structure=&#8221;1_2,1_2&#8243; _builder_version=&#8221;4.21.0&#8243; _module_preset=&#8221;default&#8221; global_colors_info=&#8221;{}&#8221;][et_pb_column type=&#8221;1_2&#8243; _builder_version=&#8221;4.21.0&#8243; _module_preset=&#8221;default&#8221; global_colors_info=&#8221;{}&#8221;][\/et_pb_column][et_pb_column type=&#8221;1_2&#8243; _builder_version=&#8221;4.21.0&#8243; _module_preset=&#8221;default&#8221; global_colors_info=&#8221;{}&#8221;][et_pb_text _builder_version=&#8221;4.21.0&#8243; _module_preset=&#8221;b57ea7d7-2cbe-4ad1-a386-b08df15be71a&#8221; locked=&#8221;off&#8221; global_colors_info=&#8221;{}&#8221;]<\/p>\n<h2>New Arrivals<\/h2>\n<p>[\/et_pb_text][\/et_pb_column][\/et_pb_row][et_pb_row column_structure=&#8221;1_2,1_2&#8243; _builder_version=&#8221;4.21.0&#8243; _module_preset=&#8221;default&#8221; global_colors_info=&#8221;{}&#8221;][et_pb_column type=&#8221;1_2&#8243; _builder_version=&#8221;4.21.0&#8243; _module_preset=&#8221;default&#8221; global_colors_info=&#8221;{}&#8221;][et_pb_image src=&#8221;https:\/\/lichtschachtabdeckungen.ch\/wp-content\/uploads\/2023\/12\/home-decor-04.jpg&#8221; title_text=&#8221;home-decor-04&#8243; _builder_version=&#8221;4.21.0&#8243; _module_preset=&#8221;default&#8221; border_radii=&#8221;on|3vw|3vw|3vw|3vw&#8221; locked=&#8221;off&#8221; global_colors_info=&#8221;{}&#8221;][\/et_pb_image][\/et_pb_column][et_pb_column type=&#8221;1_2&#8243; _builder_version=&#8221;4.21.0&#8243; _module_preset=&#8221;default&#8221; global_colors_info=&#8221;{}&#8221;][et_pb_shop posts_number=&#8221;4&#8243; _builder_version=&#8221;4.21.0&#8243; _module_preset=&#8221;3530a3c2-b20e-42c9-95fb-a055ce6734ee&#8221; title_font_size_tablet=&#8221;&#8221; title_font_size_phone=&#8221;&#8221; title_font_size_last_edited=&#8221;on|phone&#8221; locked=&#8221;off&#8221; global_colors_info=&#8221;{}&#8221;][\/et_pb_shop][et_pb_button button_text=&#8221;All Products&#8221; _builder_version=&#8221;4.21.0&#8243; _module_preset=&#8221;f1fe0e0b-dff8-4ff0-b16e-83c32bcd2a00&#8243; global_colors_info=&#8221;{}&#8221;][\/et_pb_button][\/et_pb_column][\/et_pb_row][\/et_pb_section][et_pb_section fb_built=&#8221;1&#8243; admin_label=&#8221;Footer Call to Action&#8221; _builder_version=&#8221;4.21.0&#8243; _module_preset=&#8221;default&#8221; background_enable_color=&#8221;off&#8221; use_background_color_gradient=&#8221;on&#8221; background_color_gradient_stops=&#8221;rgba(14,14,14,0.7) 0%|rgba(14,14,14,0.3) 100%&#8221; background_color_gradient_overlays_image=&#8221;on&#8221; background_image=&#8221;https:\/\/lichtschachtabdeckungen.ch\/wp-content\/uploads\/2023\/12\/home-decor-07.jpg&#8221; parallax=&#8221;on&#8221; custom_padding=&#8221;14vw||14vw||true|false&#8221; saved_tabs=&#8221;all&#8221; collapsed=&#8221;on&#8221; global_colors_info=&#8221;{}&#8221;][et_pb_row _builder_version=&#8221;4.21.0&#8243; _module_preset=&#8221;default&#8221; global_colors_info=&#8221;{}&#8221;][et_pb_column type=&#8221;4_4&#8243; _builder_version=&#8221;4.21.0&#8243; _module_preset=&#8221;default&#8221; global_colors_info=&#8221;{}&#8221;][et_pb_text _builder_version=&#8221;4.21.0&#8243; _module_preset=&#8221;b57ea7d7-2cbe-4ad1-a386-b08df15be71a&#8221; header_2_text_color=&#8221;#FFFFFF&#8221; text_orientation=&#8221;center&#8221; global_colors_info=&#8221;{}&#8221;]<\/p>\n<h2>Find Your Style and Shop with Confidence<\/h2>\n<p>[\/et_pb_text][et_pb_button button_text=&#8221;Shop Online&#8221; button_alignment=&#8221;center&#8221; _builder_version=&#8221;4.21.0&#8243; _module_preset=&#8221;f1fe0e0b-dff8-4ff0-b16e-83c32bcd2a00&#8243; locked=&#8221;off&#8221; global_colors_info=&#8221;{}&#8221;][\/et_pb_button][\/et_pb_column][\/et_pb_row][\/et_pb_section][et_pb_section fb_built=&#8221;1&#8243; admin_label=&#8221;Footer Links&#8221; _builder_version=&#8221;4.23.1&#8243; _module_preset=&#8221;default&#8221; locked=&#8221;off&#8221; collapsed=&#8221;on&#8221; global_colors_info=&#8221;{}&#8221;][et_pb_row column_structure=&#8221;1_3,1_3,1_3&#8243; _builder_version=&#8221;4.23.1&#8243; _module_preset=&#8221;default&#8221; global_colors_info=&#8221;{}&#8221;][et_pb_column type=&#8221;1_3&#8243; _builder_version=&#8221;4.21.0&#8243; _module_preset=&#8221;default&#8221; global_colors_info=&#8221;{}&#8221;][et_pb_text _builder_version=&#8221;4.23.1&#8243; _module_preset=&#8221;3d8e8e4c-de8e-4b8f-a729-0261cc343ab0&#8243; custom_margin=&#8221;||20px||false|false&#8221; global_colors_info=&#8221;{}&#8221; text_font_size=&#8221;8px&#8221; header_3_font_size=&#8221;23px&#8221;]<\/p>\n<h3>Lichtschachtabdeckungen.ch<\/h3>\n<p>[\/et_pb_text][et_pb_text _builder_version=&#8221;4.21.0&#8243; _module_preset=&#8221;efd2533c-a52c-491d-a01d-dabf093663c7&#8243; global_colors_info=&#8221;{}&#8221;]At Divi we understand that your home is your sanctuary, and we&#8217;re here to help you bring your vision to life. With our exceptional quality, timeless designs, and personalize customer service, we strive to exceed your expectations every step of the way.[\/et_pb_text][\/et_pb_column][et_pb_column type=&#8221;1_3&#8243; _builder_version=&#8221;4.21.0&#8243; _module_preset=&#8221;default&#8221; global_colors_info=&#8221;{}&#8221;][et_pb_text _builder_version=&#8221;4.23.1&#8243; _module_preset=&#8221;24daad74-a9ee-4c04-9be4-1ba92529d85f&#8221; custom_margin=&#8221;||20px||false|false&#8221; global_colors_info=&#8221;{}&#8221; text_font_size=&#8221;23px&#8221; header_4_font_size=&#8221;23px&#8221;]<\/p>\n<h4>Seiten<\/h4>\n<p>[\/et_pb_text][et_pb_text _builder_version=&#8221;4.21.0&#8243; _module_preset=&#8221;efd2533c-a52c-491d-a01d-dabf093663c7&#8243; link_text_color=&#8221;gcid-4e1a4293-6847-4a8b-8670-1037625c3a21&#8243; custom_margin=&#8221;||8px||false|false&#8221; global_colors_info=&#8221;{%22gcid-4e1a4293-6847-4a8b-8670-1037625c3a21%22:%91%22link_text_color%22%93}&#8221;]<a href=\"#\">Terms and Conditions<\/a>[\/et_pb_text][et_pb_text _builder_version=&#8221;4.21.0&#8243; _module_preset=&#8221;efd2533c-a52c-491d-a01d-dabf093663c7&#8243; link_text_color=&#8221;gcid-4e1a4293-6847-4a8b-8670-1037625c3a21&#8243; custom_margin=&#8221;||8px||false|false&#8221; global_colors_info=&#8221;{%22gcid-4e1a4293-6847-4a8b-8670-1037625c3a21%22:%91%22link_text_color%22%93}&#8221;]<a href=\"#\">Return Policy<\/a>[\/et_pb_text][et_pb_text _builder_version=&#8221;4.21.0&#8243; _module_preset=&#8221;efd2533c-a52c-491d-a01d-dabf093663c7&#8243; link_text_color=&#8221;gcid-4e1a4293-6847-4a8b-8670-1037625c3a21&#8243; custom_margin=&#8221;||8px||false|false&#8221; global_colors_info=&#8221;{%22gcid-4e1a4293-6847-4a8b-8670-1037625c3a21%22:%91%22link_text_color%22%93}&#8221;]<a href=\"#\">Shipping and Delivery<\/a>[\/et_pb_text][et_pb_text _builder_version=&#8221;4.21.0&#8243; _module_preset=&#8221;efd2533c-a52c-491d-a01d-dabf093663c7&#8243; link_text_color=&#8221;gcid-4e1a4293-6847-4a8b-8670-1037625c3a21&#8243; custom_margin=&#8221;||8px||false|false&#8221; global_colors_info=&#8221;{%22gcid-4e1a4293-6847-4a8b-8670-1037625c3a21%22:%91%22link_text_color%22%93}&#8221;]<\/p>\n<p><a href=\"#\">Privacy and Security<\/a><\/p>\n<p>[\/et_pb_text][et_pb_text _builder_version=&#8221;4.21.0&#8243; _module_preset=&#8221;efd2533c-a52c-491d-a01d-dabf093663c7&#8243; link_text_color=&#8221;gcid-4e1a4293-6847-4a8b-8670-1037625c3a21&#8243; custom_margin=&#8221;||8px||false|false&#8221; global_colors_info=&#8221;{%22gcid-4e1a4293-6847-4a8b-8670-1037625c3a21%22:%91%22link_text_color%22%93}&#8221;]<a href=\"#\">FAQ<\/a>[\/et_pb_text][\/et_pb_column][et_pb_column type=&#8221;1_3&#8243; _builder_version=&#8221;4.21.0&#8243; _module_preset=&#8221;default&#8221; global_colors_info=&#8221;{}&#8221;][et_pb_text _builder_version=&#8221;4.23.1&#8243; _module_preset=&#8221;24daad74-a9ee-4c04-9be4-1ba92529d85f&#8221; locked=&#8221;off&#8221; global_colors_info=&#8221;{}&#8221; header_3_font_size=&#8221;21px&#8221; header_4_font_size=&#8221;23px&#8221;]<\/p>\n<h4>Newsletter<\/h4>\n<p>[\/et_pb_text][et_pb_signup mailchimp_list=&#8221;undefined|undefined|&#8221; first_name_field=&#8221;off&#8221; last_name_field=&#8221;off&#8221; _builder_version=&#8221;4.21.0&#8243; _module_preset=&#8221;254bf433-8318-4fa3-9139-2f112e1388c9&#8243; global_colors_info=&#8221;{}&#8221;][\/et_pb_signup][\/et_pb_column][\/et_pb_row][et_pb_row _builder_version=&#8221;4.21.0&#8243; _module_preset=&#8221;default&#8221; width=&#8221;100%&#8221; max_width=&#8221;none&#8221; custom_margin=&#8221;30px||||false|false&#8221; custom_padding=&#8221;|10%||10%|false|true&#8221; border_color_all=&#8221;rgba(0,0,0,0.12)&#8221; border_width_top=&#8221;1px&#8221; global_colors_info=&#8221;{}&#8221;][et_pb_column type=&#8221;4_4&#8243; _builder_version=&#8221;4.21.0&#8243; _module_preset=&#8221;default&#8221; global_colors_info=&#8221;{}&#8221;][et_pb_text _builder_version=&#8221;4.23.1&#8243; _dynamic_attributes=&#8221;content&#8221; _module_preset=&#8221;efd2533c-a52c-491d-a01d-dabf093663c7&#8243; text_orientation=&#8221;center&#8221; global_colors_info=&#8221;{}&#8221;]@ET-DC@eyJkeW5hbWljIjp0cnVlLCJjb250ZW50IjoiY3VycmVudF9kYXRlIiwic2V0dGluZ3MiOnsiYmVmb3JlIjoiQ29weXJpZ2h0ICZjb3B5OyAiLCJhZnRlciI6IiBEaXZpLiBBbGwgUmlnaHRzIFJlc2VydmVkLiIsImRhdGVfZm9ybWF0IjoiY3VzdG9tIiwiY3VzdG9tX2RhdGVfZm9ybWF0IjoiWSJ9fQ==@[\/et_pb_text][\/et_pb_column][\/et_pb_row][\/et_pb_section]<\/p>\n","protected":false},"excerpt":{"rendered":"<p>Willkommenauf unserer Seite, die sich ganz dem Thema Lichtschachtabdeckungen widmet. Lichtsch\u00e4chte spielen eine wichtige Rolle im Schutz und in der \u00c4sthetik eines jeden Hauses. Sie bieten eine optimale L\u00f6sung, um Kellerr\u00e4ume mit frischer Luft zu versorgen und gleichzeitig vor unerw\u00fcnschten G\u00e4sten wie Insekten, Laub und Schmutz zu sch\u00fctzen. Unsere Lichtschachtabdeckungen sind nicht nur funktional, sondern [&hellip;]<\/p>\n","protected":false},"author":2,"featured_media":0,"parent":0,"menu_order":0,"comment_status":"closed","ping_status":"closed","template":"","meta":{"_et_pb_use_builder":"on","_et_pb_old_content":"","_et_gb_content_width":"","footnotes":""},"class_list":["post-64","page","type-page","status-publish","hentry"],"jetpack_sharing_enabled":true,"_links":{"self":[{"href":"https:\/\/lichtschachtabdeckungen.ch\/index.php?rest_route=\/wp\/v2\/pages\/64","targetHints":{"allow":["GET"]}}],"collection":[{"href":"https:\/\/lichtschachtabdeckungen.ch\/index.php?rest_route=\/wp\/v2\/pages"}],"about":[{"href":"https:\/\/lichtschachtabdeckungen.ch\/index.php?rest_route=\/wp\/v2\/types\/page"}],"author":[{"embeddable":true,"href":"https:\/\/lichtschachtabdeckungen.ch\/index.php?rest_route=\/wp\/v2\/users\/2"}],"replies":[{"embeddable":true,"href":"https:\/\/lichtschachtabdeckungen.ch\/index.php?rest_route=%2Fwp%2Fv2%2Fcomments&post=64"}],"version-history":[{"count":6,"href":"https:\/\/lichtschachtabdeckungen.ch\/index.php?rest_route=\/wp\/v2\/pages\/64\/revisions"}],"predecessor-version":[{"id":80,"href":"https:\/\/lichtschachtabdeckungen.ch\/index.php?rest_route=\/wp\/v2\/pages\/64\/revisions\/80"}],"wp:attachment":[{"href":"https:\/\/lichtschachtabdeckungen.ch\/index.php?rest_route=%2Fwp%2Fv2%2Fmedia&parent=64"}],"curies":[{"name":"wp","href":"https:\/\/api.w.org\/{rel}","templated":true}]}}